- (3 + (11 - (31 + -8)))?
18
-14 + (0 + 1 - 0) + (-11 - -11)
-13
Evaluate -13 + 43 - 17 - 26.
-13
Calculate -1 + 4 + -3 + (192 - 197).
-5
(-6 - (9 + -30 - -6)) + -26 + 5
-12
-1 + (-15 - 4 - 2) + (-8 - -8)
-22
What is (-39 - (42 + -38)) + 74?
31
What is the value of (-22 - (-5 - (-4 + -10))) + (-6 - -3)?
-34
What is the value of (11 - 1) + (-27 - -30) - 2?
11
Calculate -15 - (6 + -3 + -2).
-16
-12 + 17 + (-1 - 4) + -2 + 0
-2
What is 13 - 6 - -6 - (11 + -1)?
3
Evaluate 3 + (-7 + (10 - 7) - 2) - 10.
-13
(15 - (6 - 5)) + -18
-4
Calculate -21 + (18 + -28 - -13).
-18
-282 + 317 - (18 + 1)
16
-18 + 13 + 9 - (-2 + 3)
3
What is the value of (-5 - (3 + -11)) + (-16 - -41) + -2?
26
Calculate -19 + -1 + -8 + 36.
8
-12 - (7 - (19 + -8)) - 6
-14
Calculate -4 + (-5 - (-4 + 4)).
-9
Calculate -7 + (5 - 2) - (3 + -14).
7
(-3 - (-30 + 14)) + 3
16
What is 0 + -1 + -2 + -4 - -9?
2
Evaluate 5 + ((0 - -1) + 2 + -6 - -9).
11
Calculate -23 + 57 + -31 - (-1 + (-1 - 0)).
5
What is (-6 - (13 + -16)) + 14?
11
Evaluate (-1 - 11) + 19 + -5.
2
Calculate 9 - (-8 + 1 + 5 - -4).
7
What is the value of 9 - (-89 + 112 + (-3 - 14))?
3
Evaluate 9 + 0 - (-7 - -10 - -8).
-2
Calculate -16 + 23 + 22 + -21.
8
What is 7 + 23 + -45 + 26?
11
(2 - -3 - -21) + (-14 + 5 - -7)
24
Evaluate -2 + 5 + 2 + (20 + -4 - 35).
-14
What is -21 - -1 - (260 - 273)?
-7
(-19 - (-7 + 11 + 2)) + 7
-18
Calculate 0 + -1 + -4 + 7 - (38 + -23).
-13
-52 + -4 + 30 - 11
-37
33 - 27 - (0 + -2) - 10 - -9
7
Evaluate -5 - (-15 - -12) - -2.
0
Calculate 40 + (-20 - ((-9 - -7) + -8) - -2).
32
Calculate (-2 - -6) + 54 + -40.
18
What is (7 + -15 + 7 - -7) + 1 + 2?
9
What is the value of -15 - (-66 + -2 + (5 - -9))?
39
What is the value of (6 - -3) + (0 - 1 - (-6 - -26))?
-12
(222 - 241) + 8 + 0 + 0
-11
Evaluate (3 - -17) + -58 - -13.
-25
What is the value of 4 - (27 - 12 - 12 - (-1 - 0))?
0
What is the value of 3 + (-13 - -17) + (-17 - 2)?
-12
Calculate 8 - (19 - (-4 + 22 - 12)).
-5
(14 - (1 - -4)) + -11 + 4 + 2
4
(-12 - -12 - -15) + -17
-2
Evaluate (-139 - -146) + -20 + 2.
-11
What is 76 - 77 - ((-12 - 2) + 4) - 7?
2
Calculate (-11 - (-24 - -3)) + -8.
2
What is the value of 24 - 14 - (8 + -10)?
12
11 + -13 + 7 + -3 + -5
-3
Calculate -13 + (12 - (5 + 10) - -12).
-4
What is 0 + 13 + -3 + -11?
-1
What is the value of -10 - (-7 - 0 - 2) - -14?
13
Evaluate 9 + 17 + -20 + -9.
-3
What is the value of 11 + 40 + -23 - 8?
20
Evaluate 17 + 6 + -2 + -32 + 33.
22
What is (-37 - -37) + 12 + -8?
4
Evaluate 14 - (6 - -14) - -13.
7
-10 + 3 + 0 + (-16 - -6) + 9
-8
13 + -6 + -7 + -3
-3
Calculate (26 - 5 - 10) + -9 + 9.
11
What is 3 - 22 - (47 - 56)?
-10
Evaluate 3 + 6 + 2 + -18.
-7
Evaluate -3 - (8 - 13 - -1) - -11.
12
Evaluate (83 - 81) + (-1 + 3 - -3) + -1.
6
What is -588 - -578 - (-4 - (0 - (1 + 0)))?
-7
Calculate 2 + -7 - -14 - (-4 + 10).
3
What is (-12 - -4 - -6) + -6 + 23?
15
What is 8 - (2 + -5) - (-11 - (-7 + 2))?
17
What is 7 + -27 + 10 + 9?
-1
(31 + -16 - 3) + -5
7
What is -21 + (-4 - (-30 + 14))?
-9
Calculate 21 - (18 - (-16 + -2)).
-15
What is the value of 14 - (-15 + 34 + -14)?
9
-51 - -57 - (2 + (0 - 0))
4
Evaluate -12 + (-14 - (10 - 8) - -8).
-20
Calculate (7 - 3 - 7) + 3 + 12.
12
What is -2 + (18 - (-16 + 33))?
-1
What is -11 + 0 + (520 - 517)?
-8
What is the value of 0 + 10 - (7 - (-18 - -35))?
20
What is -33 + (15 - -20) + -6?
-4
5 - -2 - (27 + -23 - (0 - 7))
-4
3 + (-3 - -3) + -16 - (-1 + -2)
-10
What is 16 - (2 + -12 + (-4 - (-9 + -5)))?
16
(-16 - 2) + -132 + 150
0
What is -7 + (-5 - (-8 - -1)) + -1?
-6
Calculate (-9 - (2 + -1 + 4)) + -2.
-16
Calculate 1 + (-7 - 1) + 12 + -18.
-13
What is the value of 0 + -2 + -3 - (-10 + 1 - -17)?
-13
Evaluate (10 - 1) + (0 + 11 + -3 - 6).
11
Evaluate (-50 - -47) + 0 + -1 + 14.
10
Calculate 12 + (4 - 17 - 4).
-5
What is -4 + (-1 - -1) - (-61 + 41 + 28)?
-12
Evaluate 25 + (-20 - -17) + -26.
-4
What is the value of (-9 + 39 - 40) + (-8 - (-1 + 1))?
-18
What is -18 - (-16 - -2 - (-29 - -32))?
-1
12 + -7 - 11 - (-4 + 2 + -1)
-3
(7 + (-6 - -1) + -5 - -3) + 3
3
What is 8 + 2 + 97 + -120?
-13
Evaluate (-3 + 0 - (-12 - -13)) + (18 - 7).
7
Evaluate (-6 - (-5 + -13)) + (5 - 20).
-3
1 + -8 - (-3 + -10 + -2)
8
What is (16 - (7 + -3 + 5)) + 1?
8
What is the value of 13 + -8 - 1 - -3?
7
What is 34 + 22 - (5 + 31)?
20
4 + (9 + (-15 - -1 - 0) - 8)
-9
What is the value of 0 + 1 + -4 - (29 + -2 - 39)?
9
What is the value of 10 + (2 + -11 - -7) + -1 + -11?
-4
Calculate (-1 - (2 + 0)) + 12 + (-11 - -3).
1
Evaluate (-10 - (7 - (7 + 0))) + 5.
-5
Calculate (-8 - -29) + -31 + -11.
-21
What is the value of 15 - 12 - -15 - 23?
-5
Calculate (-38 - -18) + 36 + -36.
-20
Calculate 14 - (0 + 2 + 9 - 9).
12
Calculate 13 + -28 + -3 + 7.
-11
What is (18 - 45 - -51) + -43?
-19
Calculate 2 + -11 - (-4 + 4).
-9
Evaluate (-2 - (2 - 6 - 9)) + 2.
13
0 + 1 + 6 + (-38 + -1 - -24)
-8
What is the value of 9 + 13 + -14 - -15?
23
(-17 - -11 - 17) + 7 - 15
-31
What is (-9 - 13) + 6 + 9?
-7
17 - -16 - 4 - 23
6
Evaluate -18 + 0 + -6 + (-15 - -15 - -7).
-17
Evaluate 9 + (-14 + 14 - 2) + (5 - -20).
32
What is the value of -27 + (-60 - -91) - (-12 - 1)?
17
Evaluate 12 - 13 - -17 - 9.
7
Calculate -2 - -1 - ((-7 - (-32 - -10)) + -12).
-4
Evaluate 6 + -3 + 3 - (26 + -1).
-19
What is -1 + -5 + -2 - (-214 + 209)?
-3
33 + (6 - 34) + 6
11
Evaluate (-2 - 21) + (55 - 39 - 20).
-27
What is the value of 3 + -5 + 35 - (27 - (66 + -42))?
30
Evaluate -8 + (8 - (12 + 1 - 9)) + -8.
-12
Evaluate -3 - 0 - (-3 + 0 + 7 - -6).
-13
Calculate 18 + -114 + 118 + (0 - 11).
11
What is the value of (-9 - (-44 - -39)) + 1 + -2 + 15?
10
What is -26 - (-1 + 6 + -18)?
-13
Evaluate (-36 - -35) + -41 + 66.
24
What is -15 - (-34 + (10 - (8 - 9)))?
8
-63 + 72 + (2 - -2 - 2 - 6)
5
Evaluate (3 - (-8 + (8 - 6))) + -5 + 7.
11
Calculate -16 + (-26 - -15) + 4.
-23
-19 - -8 - (-7 + 4 - 6)
-2
Evaluate 13 + (-17 - -4) + 11.
11
Calculate (-38 - (-9 - 10)) + 20.
1
3 - (12 + -1 + (-59 - -54))
-3
Evaluate -8 + 1 - (-24 - -21).
-4
Calculate -2 + 2 + -6 - (8 + -4 - -7).
-17
2 + -4 + 3 + 6 + -8
-1
Evaluate 5 + -5 - -9 - 7.
2
Evaluate 0 + -3 + 1 + (-1 - -10) - -6.
13
Evaluate (1 + 14 - (26 + -11)) + (20 - 0).
20
What is -3 - (7 - -5) - -7 - -6?
-2
Calculate (-60 - -48) + -1 + 20 + -13.
-6
What is (-10 - -14 - (-4 + (11 - 0))) + -7?
-10
Evaluate (-3 - 1) + 3 + 29 + -32 + 16.
12
Calculate 0 + 12 + -11 - (11 + -2).
-8
What is the value of (-9 - 2) + 11 + 13?
13
What is the value of 1 + 4 + 7 + (15 - 21)?
6
1 - 10 - (421 + -413)
-17
Evaluate -41 + 46 + (19 - -1) - (11 - 4).
18
What is -1 + 1 + -10 - (887 + -889)?
-8
Evaluate -47 - (-8 + 3 + -15).
-27
What is the value of -12 - -3 - -8 - (-6 + (-4 - -4))?
5
11 - -1 - (-30 + 52 - 26)
16
What is the value of -3 + -15 + 14 - -1?
-3
Evaluate 4 + (12 - (-1 - -6)) + 7.
18
Calculate -5 - -2 - (12 - 16) - 0.
1
Calculate 10 + -17 + -2 + 33.
24
Calculate -3 - (17 + -15 + (-16 - -6)).
5
What is -1 - -11 - -6 - (-25 - -34)?
7
Calculate 20 + 5 + -4 - 4.
17
What is the value of -13 + 1 + 459 + -446?
1
Calculate 38 + (-8 - 16) + 15.
29
Calculate -2 + 1 + -1 - (24 + 23 + -35).
-14
What is the value of (-17 - 1) + 48 - 6 - (1 + 1)?
22
What is 2 + -3 + 56 - (538 + -519)?
36
Calculate -6 + 6 - (-6 - -14).
-8
What is -201 + 173 + (-1 - -2) + 7 + -11?
-31
Evaluate 2 + 3 - 2 - (-176 + 186).
-7
9 + 7 + -16 + (13 - 6)
7
What is the value of -4 - 7 - (7 - 13 - 2)?
-3
Calculate 2 + 9 - (14 + -39 + (14 - 14)).
36
Evaluate (-7 + -1 - (7 + -15)) + 21 + -1.
20
What is 8 + (17 - 33 - -10)?
2
What is -3 - (-8 - (10 - 9)) - (-4 + 7)?
3
What is 11 + 15 + -15 - 0?
11
What is -21 + 8 - 11 - (-13 - -2)?
-13
(-81 - -85) + (-2 - -2) - 6
-2
What is the value of -32 + -22 + (-2 - -38)?
-18
Evaluate -7 - 1 - ((3 - 19) + 5).
3
What is the value of -23 + -6 + 3 + -1 - 1?
-28
Calculate (-246 - -224) + (-2 - -14) + 8 + -2.
-4
(8 + -3 - -4) + 58 + -48
19
What is -5 + (6 - (-14 + 5 - -10))?
0
Evaluate (-33 - -37) + -5 + 0.
-1
What is 1 - 10 - -9 - (4 - -1)?
-5
41 + (-19 - -23) + -39
6
What is the value of -13 - (-15 + 16) - -17 - 3?
0
Evaluate 16 + (-46 - (10 + -11)) + (7 - 2).
-24
What is the value of (-13 - -40) + 15 - 16?
26
Calculate (-12 - 0) + 2 - -16 - (-6 + -1).
13
Calculate 12 + -1 + (0 - ((7 - 13) + 7)).
10
Calculate 4 + -9 - (5 + -16).
6
What is the value of (-5 - -12 - 2) + (-2